2)/(-9)). What is the remainder when z/(-13) - (-6)/(-39) is divided by 12?
10
Let h = -1 - -9. What is the remainder when -1 + (-316)/(-10) + 8/20 is divided by h?
7
Let h = 18 - 1. Suppose -l + h = 3*m + 2, 7 = 5*l - 2*m. Suppose -l*u + 30 = -0*u. Calculate the remainder when u is divided by 6.
4
Let f(r) = -12*r - 2. Let g be f(-3). Let m = g - 16. Calculate the remainder when m is divided by 10.
8
Suppose 10*r - 1565 = -75. What is the remainder when r is divided by 50?
49
Suppose 2*y - 30 = 3*y. Calculate the remainder when y/6*(-27)/15 is divided by 5.
4
Suppose x - 63 = 4*x. Let u be 410/14 + 6/x. Let j = u + -10. What is the remainder when j is divided by 10?
9
Let f = 2 - 0. Let q(c) = c**3 + c**2 - 2*c + 2. Let s be q(-3). Let h = f - s. What is the remainder when 35 is divided by h?
11
What is the remainder when 79 is divided by (-1254)/(-44) - (-1)/(-2)?
23
Let o = 6 + -3. Suppose o*v - 27 + 6 = 0. Let a = -44 - -70. Calculate the remainder when a is divided by v.
5
What is the remainder when 27 is divided by ((-57)/6)/(-1) - 6/4?
3
Let k be (3/2)/(3/10). Suppose x = 4, -45 = -5*d + k*x + 355. Calculate the remainder when d is divided by 29.
26
Suppose 3*w = -4*c + 29, -5*w + c + 10 = -0*c. Let q = 1 + w. Calculate the remainder when 6 is divided by q.
2
Let s = 21 + 4. Let f = -9 + s. What is the remainder when 47 is divided by f?
15
Let a(p) = -3*p**2 - 1. Let m be a(-1). Calculate the remainder when (-978)/(-30) + m/(-10) is divided by 17.
16
Suppose 14 - 10 = b. Suppose -j + b = -y + 20, 4*y + 3*j = 36. Calculate the remainder when 44 is divided by y.
8
Suppose -4*q = p - 24, 5 = 9*p - 4*p - 3*q. What is the remainder when 10 is divided by p?
2
Suppose -4*t + 30 + 4 = g, -5*t = -4*g + 52. What is the remainder when 70 is divided by g?
16
Let g = 13 + -8. Suppose 2*z - 28 = 5*p + 8, 2*z + 4*p = 18. What is the remainder when z is divided by g?
3
Let t = 37 + -22. Let u(f) = 28*f - 1. What is the remainder when u(1) is divided by t?
12
Let p = 5 + 3. What is the remainder when 87 is divided by p?
7
Suppose -4*k - 2 = -134. Let y = k - -7. Suppose 0*n = -4*n + 56. Calculate the remainder when y is divided by n.
12
Suppose 3*i - 57 - 42 = 0. Let h be 2/4*(-4)/(-2). Calculate the remainder when i is divided by h + 8*(-1 - -2).
6
Suppose k - 33 = -9. What is the remainder when 67 is divided by k?
19
Suppose -5*d + 7*d - 10 = 0. Calculate the remainder when 4/14 + (-141)/(-21) is divided by d.
2
Let d(j) = -94*j - 21. Let f(u) = -19*u - 4. Let m(z) = 2*d(z) - 11*f(z). What is the remainder when m(3) is divided by 17?
14
Calculate the remainder when ((5 - 8) + 1)/((-2)/148) is divided by 38.
34
Suppose -2*g - 45 = -7*g. What is the remainder when 97/5 - g/(-15) is divided by 11?
9
Let s(d) = -3*d + 6. Let i(u) = -2*u**3 + 5*u**2 - 5*u + 1. Let m be i(4). Let j = 108 + m. What is the remainder when j is divided by s(-5)?
20
Let g = 1 - -3. Let d be (-6)/g - (-60)/8. Suppose 0*w - 2*w - d = 0, -3*j + 5*w + 36 = 0. Calculate the remainder when 20 is divided by j.
6
Let t = 147 - 92. Let v be (-2)/4*(8 - 8). Suppose -5*b - y + t = v, -55 = -5*b + 3*y - 5*y. Calculate the remainder when b is divided by 4.
3
What is the remainder when (-7)/(-7) - (-1)/(-1) - -32 is divided by 17?
15
Let y(v) = 29*v + 3. What is the remainder when y(4) is divided by 40?
39
Suppose 12*s - 11*s = 4. Calculate the remainder when ((-4)/(-2) - -10) + -1 is divided by s.
3
Suppose -4*l - 5*u + 8 + 14 = 0, -3*l + 18 = 3*u. What is the remainder when l is divided by 3?
2
Let m = 9 - 4. Suppose 3*j = -m*s + 173, -4*s + 0*j + 2*j = -134. Calculate the remainder when s is divided by 12.
10
What is the remainder when (-336)/(-20) + (-2)/(-10) is divided by (10/(-8))/(1/(-4))?
2
Let o(i) = 36*i - 1. Suppose -1 - 1 = -2*d. What is the remainder when o(d) is divided by 9?
8
Let s(m) = m + 11. Suppose -13 = -3*t - r - 0*r, -4*t - 3*r + 24 = 0. Calculate the remainder when s(-6) is divided by t.
2
What is the remainder when (40/6)/(-4)*-69 is divided by 29?
28
Suppose -6 = -x + 2. What is the remainder when (31/1)/((-2)/(-2)) is divided by x?
7
Let r(v) be the second derivative of -v**3/2 + 3*v**2/2 - 2*v. Calculate the remainder when r(-3) is divided by 7.
5
Let t = -24 - -57. What is the remainder when 62 is divided by t?
29
What is the remainder when ((-6)/(-4))/(1/10) is divided by 6?
3
Let v(k) = k**2 + 3*k - 1. Let x be v(-3). Calculate the remainder when (-333)/(-9) - 3/x is divided by 14.
12
Let q = 0 + 0. Let z be q + 0 + -6 + 5. What is the remainder when 9 - (4*z)/2 is divided by 6?
5
Let m be 1/6 + 148/(-24). Let q be (-3 + 0)/((-2)/m). Calculate the remainder when 34 is divided by 24*(2 - q/(-6)).
10
What is the remainder when 212 is divided by (-86)/(-2)*(5 - 4)?
40
Let n(h) = -h**2 - 3*h + 44. Let y be n(0). Suppose -z + y = z. Calculate the remainder when 63 is divided by z.
19
Suppose 7*x + 5*x - 408 = 0. Calculate the remainder when 90 is divided by x.
22
Suppose -a + 4 = 5. Let d be 13/1*a/(-1). Let v = d + -1. Calculate the remainder when 23 is divided by v.
11
Suppose -3*u - 3 = -45. What is the remainder when u is divided by 5?
4
Suppose o = -4*o + 95. Let h(t) = 5*t**3 + t + 1. Let n be h(-1). Let a = n + o. Calculate the remainder when 41 is divided by a.
13
Let q be (-4)/14 - (-342)/21. Suppose 5*p - 3*u - 48 = 0, 0*u = -3*p + 5*u + q. Calculate the remainder when 22 is divided by p.
10
Suppose -5*f + 5*t = -0*f, 3*t + 8 = 5*f. Suppose 50 + 6 = f*r. What is the remainder when 55 is divided by r?
13
Suppose -5*a = -2*w + w + 48, 0 = -4*a - 20. Calculate the remainder when 112 is divided by w.
20
Suppose 4*d + 68 = 3*t + 3*d, 0 = 5*d - 5. What is the remainder when 43 is divided by t?
20
Let i(p) = -9*p + 1. Calculate the remainder when 103/2 - -1 - (-60)/40 is divided by i(-3).
26
Suppose 0 = -4*p + 13 + 7. Suppose n - 22 = -s + 2*s, p*n = 4*s + 105. What is the remainder when n is divided by 9?
8
Let g = 11 - 5. Suppose g*p = p + 20. Suppose 0 = -3*d - p*i + 36, -2*i = -d + 3*i - 7. What is the remainder when d is divided by 3?
2
Let a be 5 + 0 + -2 + 2. Suppose -3*q - 14 = -a*q. Calculate the remainder when (8/5)/(2/15) is divided by q.
5
Suppose 4*o + j = 3 + 23, 2*o = -5*j + 4. Calculate the remainder when ((-1)/3)/(2/(-114)) is divided by o.
5
Suppose -31 = -u - 18. Calculate the remainder when 38 is divided by u.
12
Let o(k) = -k**2 - 9*k - 5. Let h be -2 - 124/(0 - 2). Suppose 5*d - 5*z = h, 0*d + z + 28 = 2*d. What is the remainder when d is divided by o(-7)?
7
Let w be 17*(-4)/(-2 + -2). Let l = w - 14. What is the remainder when 11 is divided by l?
2
Let u = -57 - -127. Calculate the remainder when u is divided by (-176)/(-10) + 22/55.
16
Let k(m) = -3*m**2 + 1. Let j be k(1). Let g(b) = -b**3 - 6*b**2 - b + 5. What is the remainder when g(-6) is divided by 6 + (j - -2) - 0?
5
Suppose -20*m + 344 = -16*m. What is the remainder when m is divided by 23?
17
Suppose 0 = -3*l + 7*l. Suppose -o - o = l. Let f(g) = -g**3 - g**2 + g + 2. Calculate the remainder when 2 is divided by f(o).
0
Suppose -8*j + 5*j = -90. Calculate the remainder when j is divided by 17.
13
Suppose -5*q + 92 = 4*v, 4*q - 5*v - 60 = 30. Calculate the remainder when q is divided by 8.
4
Let x(f) = 2*f**2 + 5*f - 4. What is the remainder when 15 is divided by x(-4)?
7
Suppose -42 = 3*a - 5*a. What is the remainder when a is divided by 12?
9
Suppose 0 = -4*x + 4*w - 35 + 119, 59 = 3*x - w. Calculate the remainder when 72 + (1 - 0/(-2)) is divided by x.
16
Let f = -54 - -32. Let y = -61 - f. Let d = -27 - y. What is the remainder when 23 is divided by d?
11
Suppose 2*r - 6 - 4 = 0. Suppose c - 6 = -l - 0*c, r*c + 18 = 3*l. What is the remainder when l is divided by 2?
0
Suppose -7*f + 2*f = -150. What is the remainder when f is divided by 11?
8
Let i = 13 + 3. What is the remainder when 47 is divided by i?
15
Let l = -1 + 9. Calculate the remainder when 13 is divided by l.
5
Suppose 0 = 3*z - 3*x - 72, 2*z - 4*x = -0*x + 44. Let t(d) = 2*d**2 + 6*d - 4. What is the remainder when t(5) is divided by z?
24
Let j be (-1 - 0)/(6/(-12)). Suppose 6*w = 5*k + w - 60, 5*w = j*k - 15. Calculate the remainder when k is divided by 8.
7
Suppose -5*f + 6 = -2*f. Suppose f = 2*r - 4. Supp